a**2 + 4*a + 4. Let q(z) = -z**2 - 11*z + 16. Let l be q(-12). Give f(l).
-3
Suppose 11*u - 9 = 14*u. Let j(i) = -2*i - 2. Give j(u).
4
Let m(b) = b**3 - 3*b**2 - 3*b + 3. Suppose 0 = 2*d - 17 + 3. Let a = d + -3. Calculate m(a).
7
Let m(x) = -x**3 - 4*x**2 + 2. Let u(c) = -4*c**3 - 16*c**2 - c + 7. Let i(t) = -9*m(t) + 2*u(t). Determine i(-4).
4
Suppose 0 = 3*c + 16 + 2. Let u = 12 + c. Let z = 1 - u. Let s(a) = a + 11. Determine s(z).
6
Let a = 0 + 3. Suppose -a*t = -4*t. Let o(m) = m**2 + 12. What is o(t)?
12
Let o(v) = -3*v**3 + 2*v**2 - 2*v - 7. Let t(b) = b**3 - b**2 + b + 3. Let d(f) = 2*o(f) + 5*t(f). Calculate d(-2).
3
Let h = -3 - -5. Let k(z) = z**2 + 7*z + 1. Let r(j) = 6*j. Let c(p) = -2*k(p) + 3*r(p). What is c(h)?
-2
Let l(t) = t**3 + 4*t**2 + t - 5. Let s = 10 + -7. Suppose -s*p = p + 36. Let i = 5 + p. Determine l(i).
-9
Let j be 2/((-4)/2) + 4. Let d(k) = k**2 - 4*k + 4. Let p(a) = -3*a**2 + 12*a - 12. Let h(f) = -8*d(f) - 3*p(f). Give h(j).
1
Let k(s) = -s**2 - 3*s + 4. Let g be k(-4). Let m(a) = 16*a + 4 - 28*a + 13*a. What is m(g)?
4
Let u(s) = -s**3 + 3*s**2 + s. Let n be u(3). Suppose 0 = 4*y + y + h - 1, -n*h = 4*y - 3. Let d(c) = -5*c**2 + 9 - 3 - c**3 + y*c + 2*c - c. What is d(-5)?
1
Let q(o) = -o. Let f(s) = s + 1. Let l(j) = -3*f(j) - 5*q(j). Calculate l(3).
3
Let z(r) be the second derivative of -r**5/20 + r**4/6 + r**3/3 - 10*r. Give z(3).
-3
Let t(j) = -j**3 - 4*j**2 + 7*j + 7. Let n(f) be the first derivative of 1/4*f**4 - 1/3*f**3 + 3 - f - 1/2*f**2. Let l(m) = 2*n(m) + t(m). Calculate l(5).
5
Let o = -2 - -4. Let w = 1 - -2. Let h(f) = w*f - 4*f + 17 - 13. What is h(o)?
2
Suppose 4*p + 0*p - 24 = 0. Let z(x) = x**3 - 7*x**2 + 5*x + 1. Determine z(p).
-5
Let k = 11 + -7. Let z(r) = -4*r - 1. Let f be z(-1). Let l(x) = 2*x + x - 6 - 3 + f. What is l(k)?
6
Let j(w) = 10*w - 1. Let z(b) = 13*b. Let r be z(1). Let y = 12 - r. Calculate j(y).
-11
Suppose 0 = 3*v + 6, 4*v - 6 = -2*u + 3*v. Let m(a) = -7*a**2 - 3*a - 6. Let k(f) = -f**2 - f - 1. Let t(g) = -6*k(g) + m(g). Give t(u).
-4
Let q(r) = -r - 2*r + 5 - 2. Let o(d) = 6 + d + 0*d + 1 - 7*d. Let u(w) = 4*o(w) - 9*q(w). Determine u(-1).
-2
Let l = 17 + -12. Suppose 0 = -10*m + 5*m - l. Let b(z) = 3*z**2 - 4*z + 6. Let k(s) = s**2 - s + 1. Let f(w) = m*b(w) + 4*k(w). What is f(0)?
-2
Let a(i) = -i. Let k be a(-3). Let x(b) = -2*b**2 + 4*b. Give x(k).
-6
Suppose 2*p = -2*p + 12. Let l(q) = 2*q**2 + 3*q - 3. Let b(k) = 5*k**2 + 6*k - 6. Let y(v) = -3*b(v) + 7*l(v). Determine y(p).
-3
Let v(i) = i**2 + 3*i - 4. Let m(s) = -s**2 + 4*s + 1. Suppose -3*c - 2*c = -25. Let y be m(c). Calculate v(y).
0
Let k(x) = -x**3 - 19*x**2 - x - 18. Let j be k(-19). Let o(z) be the first derivative of -3*z**4/2 - z**3/3 + z + 1. Give o(j).
-6
Let b be (6/9)/((-1)/(-3)). Suppose 5*l + 5 = -b*i - 14, -3*i = -2*l - 19. Let u(p) = -p**3 - 4*p**2 + 6*p + 1. Calculate u(l).
-4
Let s(k) = -k**2 + 7*k - 8. Let p(d) = 6*d**2 - d - 1. Let r be p(-1). What is s(r)?
-2
Let y(w) = w**3 - 3*w**2 - 2*w + 5. Suppose 0 = -0*a - 5*a + 20. Calculate y(a).
13
Let i = -9 - -3. Let q(v) = -2*v - 4. Determine q(i).
8
Let n = -7 - -7. Suppose 4*j - 2*k - 26 = 0, -4*j + n*j + 3*k = -31. Let b(z) = -z**3 + 4*z**2 + z + 5. Determine b(j).
9
Let b(q) = -q**2 - 5*q - 1. Suppose 3*w = 4*k + 24, 3*k = 4*k + 3. Suppose -x + m - 9 = -m, -4*x + w*m - 24 = 0. Let u = x - 1. Determine b(u).
3
Suppose 0 = -5*k + 10 + 5, 5*k - 105 = -5*s. Suppose 6 = 3*b + s. Let l(w) = -w**3 - 5*w**2 - 4*w - 4. Calculate l(b).
-4
Let y(a) = -7*a**3 - a**2 - 3*a - 3. Let t be y(-1). Let v(u) = u**2 - 5*u - 8. Calculate v(t).
-2
Let g be 0/(-1 + (0 - -3)). Let j = -11 - -16. Let r(q) = -7 - 7*q**3 - 4*q**3 + j*q**3 + 5*q**3. Give r(g).
-7
Let x(d) be the first derivative of -d**2/2 + 2. Let g(y) = -2*y**2 - 8*y + 1. Let w be g(-4). Let v(t) = 9*t. Let l(h) = w*v(h) + 6*x(h). Give l(1).
3
Let h(w) = -w**2. Let y(q) = -3*q**2 + 4*q. Let p(a) = -2*h(a) + y(a). What is p(2)?
4
Suppose 2*j - 21 = -j + 3*m, -8 = 2*m. Let k(u) be the second derivative of 0*u**3 + 2*u - 1/2*u**2 + 0 - 1/12*u**4. What is k(j)?
-10
Suppose 5*i = -15, -l - 4*l - 4*i - 17 = 0. Let y(h) = 0 + 0*h**2 + 10*h**2 - 4 + 5. What is y(l)?
11
Let u(r) = 3*r - 2*r - 5 + 4. Let m be (50/(-8) - -4)/(3/8). Calculate u(m).
-7
Let d = 44 - 41. Let n(f) be the third derivative of 0*f + 1/8*f**4 + 0 + f**2 - 1/3*f**3. Calculate n(d).
7
Let s(h) = -h - 18. Let q(v) = 9. Let b(d) = -7*q(d) - 4*s(d). What is b(-6)?
-15
Let v(c) = 2 + 0 - 6 + c. Determine v(-5).
-9
Let w(c) = -10*c + 6. Let f(h) = -12*h + 6. Let p(u) = 4*f(u) - 5*w(u). Determine p(-5).
-16
Let n(i) be the first derivative of i**4/4 + 7*i**3/3 + 3*i**2 + 7*i - 1. Let x be (-12)/54 + 104/(-18). Calculate n(x).
7
Let o(b) = 3*b - 3*b + 3*b**2 + 2*b. Suppose -5*s = -7 - 48. Let x = -13 + s. Calculate o(x).
8
Let q(i) be the second derivative of -5*i**4/12 + i**3/6 - 2*i. Let b(f) = -16*f**2 + 4*f. Let l(n) = 2*b(n) - 7*q(n). Give l(-1).
2
Suppose -6*z = -2*z. Let r(n) = -n**2 - 15 + z*n**2 + 2*n + 17. Suppose 5*t = -4*h - 2, -h - h + 5*t + 14 = 0. Calculate r(h).
2
Let d(a) = 2*a**2 + 23*a + 35. Let x be d(-9). Let h(i) = i**2 + 9*i - 13. What is h(x)?
-3
Let h(n) = -2*n**2 + 2*n. Let b(f) = -f**3 + 9*f**2 - 8*f + 1. Let o be b(8). Let i = 3 - o. Suppose -g = -4*l + 5*l, i*g - 4*l - 12 = 0. Determine h(g).
-4
Let s(l) = -l**2 - l - 1. Let h(a) = -6*a**2 - 12*a - 6. Let u(y) = h(y) - 5*s(y). Suppose v + 15 = -0*z + 5*z, v = -z - 3. Calculate u(v).
9
Suppose 3 = 2*l + 9. Let k(h) = 5*h + 4*h**2 + h - 1 - h**2. Let n(z) = -z**2 - 2*z. Let c(t) = -3*k(t) - 8*n(t). What is c(l)?
0
Let k(z) = 10*z**2 + 0 - 11*z**2 - 7 + 10*z. Give k(6).
17
Let a(c) = -3*c**2 - c - 2*c**3 + 5*c**3 - 1 - 4*c**3. Let v be a(-2). Let q(j) = j**3 + j**2 - 4*j + 1. Determine q(v).
-5
Let h(m) be the first derivative of 1/2*m**2 - 1/8*m**4 + 2 + 1/60*m**5 + 0*m + 0*m**3. Let l(z) be the second derivative of h(z). Give l(3).
0
Let x(n) = n. Let b(m) = m**2 + 5*m - 3. Let l(u) = 3*u**2 + 10*u - 5. Let p(w) = -5*b(w) + 2*l(w). Let o be p(6). Let d = o - 17. Determine x(d).
-6
Let k = -5 - 1. Let j = k - 0. Let t(p) = -p**3 - 5*p**2 + 6*p + 6. What is t(j)?
6
Let m(s) = -4*s**2 + 3*s**2 + s**3 - 1 + 6. Let a = 7 + 2. Let z = -9 + a. Determine m(z).
5
Suppose m - 35 + 33 = 0. Let b(i) = 6*i - 1. Determine b(m).
11
Let a = -18 + 18. Let x(j) = j. Give x(a).
0
Let c(z) = z**3 - z**2 - 2. Let v be c(0). Let s(a) be the third derivative of -7*a**4/24 - a**3/3 + 5*a**2. Calculate s(v).
12
Let y(s) = 0*s**2 + 0*s + 2*s**2 + s**3 - s. Suppose -3*f - 11 = -v - 0*v, -2*f - 29 = -5*v. Suppose -c + v*c = -8. Calculate y(c).
2
Let o(p) = 5*p + 1. Let w = 5 - 4. Determine o(w).
6
Suppose 10*w = 5*w. Let q be w*(-3 - (-15)/6). Let n(o) = o**2 + o - 3. What is n(q)?
-3
Let o(v) = 7*v**2 + 2*v - 8. Let f(z) = 4*z**2 + z - 4. Let a(r) = 5*f(r) - 3*o(r). Calculate a(-3).
-2
Let f(j) be the third derivative of 0 + 5/12*j**4 + 0*j + 1/6*j**3 + 7*j**2. Give f(1).
11
Suppose 9 = 4*r + 2*j + 3, 3*r + 2 = 5*j. Let s(t) = 2*t - 1 - 3 - t**2 + 1 - t**2. Let p(b) = -5*b**2 + 5*b - 7. Let h(o) = 3*p(o) - 7*s(o). What is h(r)?
0
Let m(p) = -6 - 3*p + 1 + p + 0*p. Calculate m(-4).
3
Let v be 24/12 + (1 + -1 - 0). Let o(b) = -2*b - 2. Calculate o(v).
-6
Let h = 1 - 2. Let o = h - -2. Let y(z) = -z**2 + 1. Let d(p) = -p**2 + 1. Let r(g) = 5*d(g) - 4*y(g). Determine r(o).
0
Let j(o) = 2*o - 2. Let i be (-6)/(-15) + 26/10. Suppose 0*d + 4*n - 17 = -i*d, 5*d + 3*n = 21. Give j(d).
4
Let l(t) = 6 + 0 + 4 + 9*t**3 - 10*t**3. Calculate l(0).
10
Let s(h) = h + 2. Let u(y) be the third derivative of -y**5/60 + y**4/8 - y**2. Let z be 4/4 + 2 + 1. Let v be u(z). What is s(v)?
-2
Let j(o) = 3*o + 5. Suppose -4*t - t = -20. Suppose 4*x = -4, -4*c - 20 = -t*x - 8. Give j(c).
-7
Let f(l) = -l**2 - 8*l + 1. Suppose 29 = -7*o - 20. Calculate f(o).
8
Let u(x) = -x**3 + 9*x**2 - 7*x - 5. Let f = -80 + 88. Calculate u(f).
3
Let q(i) = -i**2 + 9*i + 3. Suppose -2*t + 0*w = -w - 18, -w - 26 = -3*t. Give q(t).
11
Let q(i) = -i**3 - 2*i - 6. Let j be q(0). Let u(b) = b**2 + 6*b + 3. Calculate u(j).
3
Let f(x) = -3*x**3 + 4*x**2 + x - 12. Let n(w) = 8*w**3 - 13*w**2 - 4*w + 35. Let h(k) = -11*f(k) - 4*n(k).